 2 = -z*k + 16, 5*h + 20 = 0. Calculate the remainder when 24 is divided by (k - 4) + 8/(-2).
6
Suppose -38*h = -41*h + 3*m + 1266, -848 = -2*h + 3*m. What is the remainder when h is divided by 21?
19
Let w = -10 - -71. Suppose 135 = w*d - 64*d. Let l = 60 + d. What is the remainder when 164 is divided by l?
14
Let x = 7479 - -1107. Calculate the remainder when x is divided by 21.
18
Let d(h) = 3*h - 4. Let i be d(-10). Let b = i - -60. Let n = b - 9. Calculate the remainder when 49 is divided by n.
15
Let j(w) = w**2 + 5*w + 2. Let u be j(-5). Suppose 3*i = -3*r + 27, -16 - 13 = -3*r - u*i. Calculate the remainder when 32 is divided by r.
10
Suppose 3*o - 2*a = -214, -195 - 15 = 3*o - 3*a. Let h = -67 - o. Calculate the remainder when 9 is divided by (-68)/(-238)*(-2)/((-2)/h).
1
Let p(n) = 2*n**2 - 4. What is the remainder when 4 + -10 - 33418/(-441) - 4/(-18) is divided by p(-4)?
14
Suppose 2*u = -u + 4*u. Suppose -c + 34 = -5*b + b, -3*c - b + 115 = u. Calculate the remainder when 187 is divided by c.
35
Let m be 661 - 7*(-6)/(-42). Suppose 0*i - m = -6*i. What is the remainder when i is divided by 57?
53
Suppose -j + 2*y = -10, -5*j + 5*y = -79 + 4. Let m(b) = 20*b + 112. What is the remainder when m(-2) is divided by j?
12
Calculate the remainder when ((-62)/(-8) + -9)/((-3)/348) is divided by 10.
5
Let c(y) = y**3 - y**2 - 3*y + 7. Let w be c(3). Let t = 26 - w. Suppose -d + t = -6. Calculate the remainder when 41 is divided by d.
9
Suppose 5*j - 104 - 1611 = 0. Suppose 31 = 5*n - r - 14, -2*n + 3*r = -31. What is the remainder when 16/(-12) - j/(-21) is divided by n?
7
Let p = 418 - 414. Suppose 2*j - 806 = -p*w + 408, w = j + 299. Calculate the remainder when w is divided by 38.
36
Let b(v) = 6*v**2 + 3*v. Suppose 5*s = -3*w + 98, -2*w - w = -5*s + 92. Let z be ((2 - 0)*-1)/(20 - s). What is the remainder when b(z) is divided by 10?
8
Let p = 24712 - 24440. Calculate the remainder when 547 is divided by p.
3
Let u be (-1 - -1)*2/4. Suppose -4*a + 3 + 45 = u. Suppose -5*m = -7*m - 10*m + 408. What is the remainder when m is divided by a?
10
Suppose 37 = -7*d - 544. Let f = -65 - d. What is the remainder when 26 is divided by f?
8
Let w be 4/(-14) - (-7)/147*6. Suppose -8*y - 24 + 128 = w. Calculate the remainder when 36 is divided by y.
10
Let f(y) = y**3 + 2*y**2 - 84*y + 367. Calculate the remainder when f(16) is divided by 724.
11
Let s(q) = 6*q**3 + q**2 + 4*q + 5. Let w be s(-2). Let c(v) = 2*v**3 - 9*v - 5. Let k be c(-3). Let g = k - w. What is the remainder when 37 is divided by g?
7
Suppose -82*j + 1410 = 262. What is the remainder when 1659 is divided by j?
7
Let y(r) be the third derivative of 7*r**5/60 + r**4/12 - r**3/2 - 17*r**2 - 2. Calculate the remainder when 11 is divided by y(1).
5
Let g(l) = 6*l**2 + 2*l - 4. Let r be g(-2). Let c = 4 + 3. Let m = c + r. What is the remainder when m is divided by 13?
10
Let i = -4 - -269. Suppose -i - 197 = -11*u. What is the remainder when 78 is divided by u?
36
Let l be (20/30)/((-2)/(-189)) - -2. Suppose -4*k = 4*f - 92, -2*f + l - 24 = 3*k. Suppose 2*w - 34 + f = 0. What is the remainder when 5 is divided by w?
2
Let r(h) = -h**2 - 23*h + 56. Let u be r(-23). Suppose -20*n + 24*n = u. What is the remainder when n is divided by 10?
4
Suppose 6227 = 727*d - 1043. Let p(u) = 9*u**3 - 2*u**2 + 2*u - 1. What is the remainder when p(2) is divided by d?
7
Suppose 0 = 3*s + 16*y - 14*y - 4274, 5*y - 2864 = -2*s. Suppose s = -0*m + 2*m. Calculate the remainder when m is divided by 34.
31
Suppose 0*b + b = -26. Let x(f) = -10*f + 491. Let u be x(46). Let m = u + b. What is the remainder when 54 is divided by m?
4
Suppose -340*p + 697 = 457*p - 12852. Let w = 843 - 388. What is the remainder when w is divided by p?
13
Suppose -g - 2*g + 483 = -291. Calculate the remainder when g is divided by 26.
24
Suppose 86*j - 2245 = 1023. What is the remainder when 3797 is divided by j?
35
Let d = -435 - -19. Let r = -380 - d. Calculate the remainder when 109 is divided by r.
1
Let d(g) = 2*g**2 + 2*g - 25. Let a be d(5). Let o(k) = 28*k**2 + 4*k - 4. Let x be o(2). Let l = x - a. What is the remainder when l is divided by 28?
25
Let x(u) = -27*u - 195. What is the remainder when 972 is divided by x(-10)?
72
Calculate the remainder when 779 is divided by 214 - (22 + 200/(-25)).
179
Suppose -4*o + 36 = 0, -2*t - 2 = -5*o + 43. Suppose 2*a - 9 = -a. Suppose t*q + 15 = 2*i + a*q, 4*i = -q + 25. Calculate the remainder when 26 is divided by i.
2
Suppose 64*t - 25*t - 5200 - 8918 = 0. What is the remainder when 1091 is divided by t?
5
Suppose 4*i + 92 + 92 = 0. Suppose 0 + 20 = 5*f. Calculate the remainder when (6 + -1)*i/(-10) is divided by f.
3
Suppose 2*f + 2 - 36 = 0. Let l(k) = -7*k - 114. Let p be l(25). Let j = p - -441. Calculate the remainder when j is divided by f.
16
Let d(j) = 41*j**2 - 1. Let y = -1610 - -928. Let x = 703 + y. What is the remainder when d(1) is divided by x?
19
Let m(u) = -u - 14 - 2*u - 4*u. Let z(r) = 38*r + 149. Let o be z(-4). Calculate the remainder when 61 is divided by m(o).
5
Suppose 79*y - 87*y + 624 = 0. Calculate the remainder when 13/(y/84) - -4 is divided by 6/(-27) + 184/18.
8
Let g = 2 - -1. Let z be 274 - (10 - (-24)/(-8)). Let w = z - 252. Calculate the remainder when w is divided by g.
0
Calculate the remainder when (-221588)/(-20) + (-1 - (5 + 28/(-5))) is divided by 10.
9
Suppose -2*s - 36 = 17*b - 13*b, -4*s + b - 99 = 0. Let z = s - -134. What is the remainder when z is divided by 39?
32
Suppose 2*w - 55*w = -183062. Calculate the remainder when w is divided by 54.
52
Let f(w) = w**3 + 3*w**2 + 4*w + 7. Calculate the remainder when 1473 is divided by f(-2).
0
Let a = 218 + -216. Suppose -5*z = -d - 120, -a*z - 50 + 120 = 4*d. Calculate the remainder when 94 is divided by z.
19
Let c(k) = 62*k**2 + 1205*k + 1206. What is the remainder when 1194 is divided by c(-1)?
60
Let x = -230 - -225. What is the remainder when 383 is divided by (-4)/(x - 237/(-48))?
63
Let w(a) = -13*a**2 + a + 3. Let v be -3 + 8 + -3 - (4 + 4). Let i(y) = -1. Let x(z) = v*i(z) - w(z). What is the remainder when x(-3) is divided by 21?
18
Suppose -95*h + 3*c + 12069 = -92*h, -4*c = h - 4028. Calculate the remainder when h is divided by 5.
4
Suppose -10831 = -71*d + 4647. What is the remainder when d is divided by 18?
2
Let h = 265 + -274. Let f(r) = r**3 + 7*r**2 - 21*r - 18. Calculate the remainder when (3 - 53/(-3))*3 is divided by f(h).
8
Let o(r) = 5*r - 52. Let v be o(9). Calculate the remainder when 206 is divided by -3*v/((-84)/(-104)).
24
Let r = 29591 + -29385. What is the remainder when r is divided by 112?
94
Let f = -8 - -26. Calculate the remainder when ((-40)/70)/(10/(-1505)) is divided by f.
14
Suppose -88 = -2*p + v - 18, -4*v - 49 = -p. Suppose p*x - 52*x = -2603. Calculate the remainder when x is divided by 18.
11
Suppose 45 - 9 = w - 5*z, z = 4*w - 144. Calculate the remainder when 4 - ((-24)/w)/(4/30) is divided by 5.
4
Suppose -226*g - 367 + 112 = -231*g. Calculate the remainder when 606 is divided by g.
45
Let o(f) = 618*f - 7386. Calculate the remainder when 216 is divided by o(12).
6
What is the remainder when 246 is divided by (-447)/1192 - (1846/(-16) + -1)?
14
Let q(h) = -h**2 - 17*h - 35. Suppose -2*d + 2 + 0 = 0. Let s be (-20)/5 - 3 - d. What is the remainder when 72 is divided by q(s)?
35
What is the remainder when 1766 is divided by 2821/62 + 25 - 2*(-10)/(-8)?
66
Let x be (-2)/(0 + 2)*3. Let m be (x - (-2 + -154)) + 0. Suppose -5*k + m = -2*k. Calculate the remainder when k is divided by 11.
7
Let o be 0 + 0/(-4 + 8). Let k be 14 - 11 - (o + 4). What is the remainder when 1 - (k/3 - (-226)/(-6)) is divided by 20?
19
Suppose 5*k = -2*a - 19, 2*k + 10 = -0*k. Let i(z) = 10*z - 62. Let u be i(8). What is the remainder when (u/(-10))/(21/(-140)) is divided by a?
0
Suppose 0 = -5*a - 5*f - 63 + 513, 5*a - 4*f = 441. Let p = -306 - -383. Let n = -67 + p. Calculate the remainder when a is divided by n.
9
Let m(k) = -k**3 - 7*k**2 + 14*k + 12. Let j(l) = 2*l - 22. Let p be j(7). Let r be m(p). What is the remainder when 24 is divided by (r/(-20))/((-1)/(-5))?
6
Suppose 25*h - 19*h = 84. Suppose 3*u - h*u + 121 = 0. What is the remainder when 85 is divided